3 + 29*l**2 - 321*l - 369. Determine q(11).
940
Let g(m) = 12412*m + 2643757. Determine g(-213).
1
Let t(r) = -1457*r - 176298. Determine t(-121).
-1
Let g(l) = -4*l**2 - 446*l - 5610. What is g(-97)?
16
Let f(d) = -37*d**2 - 167*d - 61. What is f(-4)?
15
Let h(d) = d**3 + 40*d**2 - 118*d - 1559. Determine h(-43).
-2032
Let h(c) = -18*c**3 - 4*c**2 + 568*c - 563. Calculate h(1).
-17
Let f(v) = v**3 - 239*v**2 - 14449*v - 286. What is f(289)?
3
Let f(z) = -62*z - 1858. Calculate f(-20).
-618
Let m(q) = -22*q**2 - 485*q - 481. Determine m(-21).
2
Let i(o) = o**3 - 75*o**2 - 522*o - 4232. Calculate i(82).
32
Let o(v) = v**3 - 146*v**2 + 39*v - 9. Calculate o(3).
-1179
Let h(f) = f**3 - 24*f**2 + 101*f - 3954. Give h(26).
24
Let m(o) = 366026*o**2 - 3660255*o - 41. Determine m(10).
9
Let f(c) = -11*c**2 - 265*c + 705. Give f(-16).
2129
Let o(m) = -m**3 - 103*m**2 + 102*m - 247. Calculate o(-104).
-39
Let n(o) = -2*o**2 + 166*o + 7463. What is n(114)?
395
Let b(o) = 5*o**2 + 521*o + 5928. Calculate b(-13).
0
Let d(s) = s**2 + 93224*s - 1864886. Give d(20).
-6
Let z(r) = 3283*r - 42619. Give z(13).
60
Let y(n) = 33*n**2 - 474*n + 3758. Give y(8).
2078
Let s(g) = -2*g**3 + 333*g**2 + 10047*g + 967. Give s(-26).
5
Let o(c) = -c**2 + 201*c - 1748. Give o(8).
-204
Let u(c) = 74*c**3 + 5*c**2 + 24*c + 17. Determine u(-3).
-2008
Let k(z) = 540*z**2 + 8161*z - 1. Determine k(-15).
-916
Let x(h) = -h**2 - 282*h - 4526. Calculate x(-17).
-21
Let c(w) = -6*w**2 + 20644*w - 20645. Give c(1).
-7
Let a(p) = p**3 - 2055*p**2 + 26491*p + 112301. Determine a(2042).
-9
Let z(y) = -2*y**3 + 16*y**2 + 86*y - 472. Give z(10).
-12
Let z(b) = 2*b**3 - 182*b**2 + 240*b - 5367. Give z(90).
33
Let q(j) = 239*j**3 + 1911*j**2 - 32*j + 4. Determine q(-8).
196
Let k(b) = -84414*b - 2785655. What is k(-33)?
7
Let c(x) = 246*x - 9248. What is c(48)?
2560
Let r(s) = 2*s**2 - 5580*s + 332947. Calculate r(61).
9
Let n(p) = p**3 + 56*p**2 - 12140*p - 6193. What is n(86)?
-1
Let c(k) = -5375*k**2 + 21506*k + 1. Determine c(4).
25
Let i(z) = -7*z**2 - 2353*z - 88482. Give i(-293).
4
Let o(v) = -106*v - 9344. Calculate o(-73).
-1606
Let n(g) = g**2 - 1751*g - 8784. Calculate n(-5).
-4
Let b(u) = 10*u**2 + 14*u - 179. What is b(9)?
757
Let g(r) = 64381*r - 47255661. Give g(734).
-7
Let h(r) = 8*r**2 - 777*r - 12484. Calculate h(-14).
-38
Let s(k) = 129*k + 80598. Give s(-625).
-27
Let z(s) = -2097*s - 1679549. Give z(-801).
148
Let p(x) = -x**3 - 19*x**2 - 75*x - 736. Give p(-24).
3944
Let x(m) = -m**3 - 19*m**2 - 160*m - 201. Calculate x(-18).
2355
Let f(t) = -1432*t + 46551. Calculate f(32).
727
Let j(y) = 8*y**3 + 160*y**2 - 945*y + 13. Give j(6).
1831
Let g(i) = -6*i**3 + 66*i**2 - 136*i - 3. Give g(9).
-255
Let f(b) = -4*b**2 + 4369*b + 30701. Give f(-7).
-78
Let v(r) = 695*r**2 - 2857*r + 11. Determine v(4).
-297
Let g(h) = -4*h**2 - 504335*h - 2521572. Calculate g(-5).
3
Let n(k) = -1314*k + 903. What is n(0)?
903
Let u(f) = 490*f + 1315. Calculate u(2).
2295
Let u(n) = -5*n**3 + n**2 + 1274*n + 1273. What is u(-1)?
5
Let p(b) = b**3 + 21*b**2 + 9*b + 63. Determine p(-21).
-126
Let y(m) = 22*m**2 + 221*m + 944. Give y(-4).
412
Let f(t) = -49*t**2 + 1066*t + 261. Give f(22).
-3
Let t(o) = 299116*o + 1495703. Calculate t(-5).
123
Let t(b) = -2*b**3 + 132*b**2 - 246*b - 790. Calculate t(64).
-150
Let l(h) = -5563*h - 131154. Calculate l(-24).
2358
Let q(l) = -12033*l - 2117810. Determine q(-176).
-2
Let u(m) = -5*m**2 + 51*m - 47. What is u(15)?
-407
Let q(u) = -u**2 + 32*u + 3763. What is q(78)?
175
Let c(b) = 1309*b + 425567. Give c(-325).
142
Let l(v) = 14*v**2 + 1650*v - 14906. Give l(9).
1078
Let k(z) = -64*z - 2825. Determine k(-38).
-393
Let k(g) = -g**2 - 2088*g + 251038. Calculate k(114).
10
Let t(f) = 854*f - 188735. Give t(221).
-1
Let u(j) = 343361*j - 1373422. What is u(4)?
22
Let m(o) = 704593*o + 4227563. Give m(-6).
5
Let f(u) = 48*u**2 + 715*u - 239. Determine f(-14).
-841
Let h(i) = -163*i - 23059. Calculate h(-140).
-239
Let v(s) = -3*s**3 - 3*s**2 - 251*s + 847. Give v(3).
-14
Let w(i) = i**2 - 1844*i + 266402. What is w(158)?
14
Let h(x) = x**2 - 166*x - 12072. Calculate h(-55).
83
Let l(i) = -493*i**2 + i - 16. What is l(1)?
-508
Let s(o) = -o**2 - 31*o + 12222. Give s(-123).
906
Let k(m) = -7*m**3 + 1373*m**2 + 21951*m - 1473. Determine k(211).
4
Let p(l) = 20*l**2 + 638*l - 219. What is p(-32)?
-155
Let q(c) = 1456*c + 18922. Give q(-13).
-6
Let i(o) = 9*o**2 - 625*o - 431. Determine i(70).
-81
Let g(r) = 6*r**2 + 2133*r - 7625. Give g(-359).
-86
Let a(w) = 4667*w + 485364. What is a(-104)?
-4
Let i(w) = 18006*w - 666235. Calculate i(37).
-13
Let b(x) = -980*x**3 + 25*x**2 - 103*x + 80. Give b(1).
-978
Let l(s) = -3*s**2 - 625*s + 473. Give l(-209).
55
Let h(k) = 1377*k + 50958. What is h(-37)?
9
Let j(z) = 708*z + 4606. Give j(-8).
-1058
Let w(p) = p**2 - 3855*p + 58072. Give w(15).
472
Let r(s) = 2793*s**2 - 5544*s + 8. What is r(2)?
92
Let w(q) = 1941*q**2 + 77622*q - 722. Give w(-40).
-2
Let n(i) = -2*i**3 + 127*i**2 - 1925*i + 55. Determine n(25).
55
Let h(b) = -7*b**3 - 1040*b**2 - 399*b + 28577. Determine h(-148).
13
Let m(c) = -138*c - 41093. What is m(-298)?
31
Let w(v) = -2*v**2 + 17053*v - 2216165. Determine w(132).
-17
Let j(a) = 2*a**3 + 513*a**2 - 2022*a - 234. Determine j(4).
14
Let h(w) = 3*w**2 - 239*w + 3918. Determine h(56).
-58
Let g(a) = 2*a**3 + 66*a**2 - 699*a + 235. Determine g(-40).
5795
Let n(x) = -17*x + 1175. Calculate n(-18).
1481
Let k(q) = -1897*q - 134699. Determine k(-71).
-12
Let b(h) = h**2 + 130*h + 4140. Determine b(-51).
111
Let s(r) = -47*r**3 - 7661*r**2 - 498*r - 81173. What is s(-163)?
1
Let y(k) = -42118*k**2 + 210591*k + 2. Give y(5).
7
Let v(j) = 6*j**2 - 23215*j - 21. What is v(0)?
-21
Let o(h) = -4*h**3 - 261*h**2 - 52*h + 21. Determine o(-65).
-824
Let u(z) = -2*z**3 - 99*z**2 - 732*z - 387. Give u(-39).
-3780
Let b(h) = -50*h - 1595. What is b(-8)?
-1195
Let v(i) = i**2 + 82396*i - 1978070. Determine v(24).
10
Let g(q) = q**3 + 41*q**2 + 45*q - 179. What is g(-40)?
-379
Let c(m) = -456*m + 4683. Give c(13).
-1245
Let t(y) = 2*y**3 + 8*y**2 + 8762*y - 62411. Determine t(7).
1
Let d(a) = 4*a**3 + 22*a**2 + 29*a. Give d(-5).
-95
Let z(t) = 270*t - 10974. Calculate z(45).
1176
Let w(p) = 5587*p - 223455. Calculate w(40).
25
Let j(u) = 23*u**2 - 63*u - 225. Calculate j(7).
461
Let a(b) = -2*b**2 + 1113*b - 135527. Calculate a(180).
13
Let d(f) = 50348*f - 704881. Give d(14).
-9
Let c(t) = -3*t**3 + 25*t**2 + 27*t + 230. Calculate c(-6).
1616
Let l(b) = 26*b**3 + b**2 - 2*b - 8. Calculate l(-2).
-208
Let a(l) = 925*l**2 + 3655*l - 38. Determine a(-4).
142
Let k(r) = -r**3 + 85*r**2 - 1783*r - 918. Calculate k(44).
6
Let f(u) = -2*u**2 + 239*u + 5370. Determine f(139).
-51
Let n(m) = m**3 - 72*m**2 + 1015*m - 450. Determine n(53).
-26
Let i(n) = -n**2 + 18*n + 125. Determine i(24).
-19
Let l(o) = 57*o**2 + 40754*o - 686. Calculate l(-715).
29
Let n(r) = -50*r**2 - 2504*r - 165. Give n(-50).
35
Let d(u) = 134579*u - 807416. Calculate d(6).
58
Let f(p) = -54*p**3 - 21*p**2 + 4*p - 17. Determine f(-3).
1240
Let s(q) = -75925*q + 151853. Calculate s(2).
3
Let v(n) = 7*n**2 - 3287*n + 16429. What is v(5)?
169
Let d(a) = 4*a**3 + 24*a**2 - 11*a - 39. What is d(-7)?
-158
Let d(m) = 139*m - 4920. Calculate d(36).
84
Let r(d) = -d**3 + 43*d**2 + 7*d - 398. Give r(44).
-2026
Let a(g) = -g**3 + 3*g**2 + 122*g - 724. Give a(7).
-66
Let p(b) = 5*b**2 + 2022*b + 2021. What is p(-1)?
4
Let k(d) = -954*d**2 - 6674*d - 8. Calculate k(-7).
-36
Let o(q) = q**2 - 19115*q - 670248. Calculate o(-35).
2
Let a(g) = -1055*g - 73867. Give a(-70).
-17
Let d(u) = 2*u**3 - 42*u**2 + 208*u - 1. Calculate d(8).
-1
Let l(m) = 41689*m - 3126682. What is l(75)?
-7
Let m(a) = -199*a - 55073. What is m(-271)?
-1144
Let d(f) = 3*f**3 + 1441*f**2 + 670*f + 91189. Calculate d(-480).
-11
Let z(b) = b**3 - 31*b**2 - 110*b + 112. Calculate z(34).
-160
Let t(b) = -2*b**3 - 2*b**2 - 480*b - 2448. What is t(-5)?
152
Let n(s) = s**3 + 51*s**2 - 49*s - 4453. Determine n(-50).
497
Let n(m) = -m**2 + 3775*m + 355784. Give n(-92).
20
Let y(x) = -256*x + 22733. What is y(92)?
-819
Let k(q) = -3*q**2 - 3881*q - 248845. What is k(-1226)?
33
Let a(x) = 3*x**3 - 442*